{"id":27,"date":"2012-06-03T12:28:28","date_gmt":"2012-06-03T10:28:28","guid":{"rendered":"http:\/\/www.soel.ch\/?page_id=27"},"modified":"2025-08-29T10:53:23","modified_gmt":"2025-08-29T08:53:23","slug":"historia","status":"publish","type":"page","link":"https:\/\/soel.ch\/de\/historia\/","title":{"rendered":"Geschichte"},"content":{"rendered":"<p>Das Elektrizit\u00e4tswerk Lumbrein hat seine Produktion im Jahre 1919 aufgenommen. Die Elektrifizierung des Holztransportes von Silgin nach Lumbrein ist eines der Haupttreiber gewesen um ein eigenes Elektrizit\u00e4tswerk zu bauen. Die Zentrale mit der ganzen Steuerung befand sich in Mulin. Bis im Jahre 1946 war nur die Gemeinde Lumbrein an das Stromnetz angeschlossen. Erst 1946 wurde die Gemeinde Vrin ans Netz des EW Lumbrein angeschlossen und erstmals mit elektrischer Energie versorgt. Der Vertrag aus diesem Jahre war noch 65 Jahre sp\u00e4ter g\u00fcltig, und wurde erst im Jahre 2011 durch einen aktuellen Vertrag abgel\u00f6st.<\/p>\n<p>Im Jahre 1979 wurde die neue Zentrale in Schanaus-Sut erstellt. Mit einer neuen Druckleitung und mehr Fallh\u00f6he kann die Eigenproduktion massiv gesteigert werden. Die alte Zentrale in Mulin wurde fortan und noch heute als Trafo- und Mess-Station, Kommando- und Verteilzentrum, sowie als Steuerung f\u00fcr den ganzen Betrieb gebraucht. 1992 wurde eine neue und modernere Turbine mit mehr Leistung in Schanaus-Sut installiert, dies hatte eine weitere Erh\u00f6hung der Eigenproduktion zur Folge. Seit dem Jahre 2011 produziert das EW Lumbrein auch Strom \u00fcber eine eigene Photovoltaikanlage. Diese befindet sich auf der Alp Staviala Vedra auf 2\u2018000 M.\u00fc.M. und hat eine Gr\u00f6sse von 300m<sup>2<\/sup>.<\/p>\n<p>Bis im Jahre 1986 hat das Elektrizit\u00e4tswerk Lumbrein den zus\u00e4tzlich ben\u00f6tigten Strom \u00fcber die Leitung des EWBO von der Patwag gekauft. Nachher wurde ein neuer Vertrag mit dem EWBO Ilanz abgeschlossen. Heute produziert das EW Lumbrein rund 40% vom Bedarf, die restlichen 60% m\u00fcssen auf dem freien Markt eingekauft werden.<\/p>\n<p>Im Februar 2011 wurde das EW Lumbrein von der Gemeinde Lumbrein ausgegliedert. Seit dem Jahre 1919, oder seit 92 Jahren, war das EW im Eigentum der Gemeinde Lumbrein, und somit auch im Eigentum der Einwohner von Lumbrein. Die Strommarktliberalisierung und die Verhandlungen \u00fcber eine Fusion des romanischen Lugnezes Anfang 2009 sind dann auch der Anstoss gewesen die bestehende Organisation und Rechtsform des EW zu \u00fcberdenken.<\/p>\n<p>Statistik \u00fcber die eigene Stromproduktion<\/p>\n<table style=\"width: 100.238%; height: 675px;\" border=\"0\">\n<tbody>\n<tr style=\"height: 27px;\">\n<td style=\"height: 27px; width: 26.9048%;\">1930<\/td>\n<td style=\"text-align: right; height: 27px; width: 72.381%;\">66\u2019750 kWh<\/td>\n<\/tr>\n<tr style=\"height: 27px;\">\n<td style=\"height: 27px; width: 26.9048%;\">1940<\/td>\n<td style=\"text-align: right; height: 27px; width: 72.381%;\">74\u2019450 kWh<\/td>\n<\/tr>\n<tr style=\"height: 27px;\">\n<td style=\"height: 27px; width: 26.9048%;\">1950<\/td>\n<td style=\"text-align: right; height: 27px; width: 72.381%;\">239\u2019770 kWh<\/td>\n<\/tr>\n<tr style=\"height: 27px;\">\n<td style=\"height: 27px; width: 26.9048%;\">1970<\/td>\n<td style=\"text-align: right; height: 27px; width: 72.381%;\">233\u2019300 kWh<\/td>\n<\/tr>\n<tr style=\"height: 27px;\">\n<td style=\"height: 27px; width: 26.9048%;\">1980<\/td>\n<td style=\"text-align: right; height: 27px; width: 72.381%;\">1\u2019009\u2019384 kWh<\/td>\n<\/tr>\n<tr style=\"height: 27px;\">\n<td style=\"height: 27px; width: 26.9048%;\">1990<\/td>\n<td style=\"text-align: right; height: 27px; width: 72.381%;\">877\u2019480 kWh<\/td>\n<\/tr>\n<tr style=\"height: 27px;\">\n<td style=\"height: 27px; width: 26.9048%;\">1995<\/td>\n<td style=\"text-align: right; height: 27px; width: 72.381%;\">1\u2019354\u2019568 kWh<\/td>\n<\/tr>\n<tr style=\"height: 27px;\">\n<td style=\"height: 27px; width: 26.9048%;\">2000<\/td>\n<td style=\"text-align: right; height: 27px; width: 72.381%;\">1\u2019569\u2019128 kWh<\/td>\n<\/tr>\n<tr style=\"height: 27px;\">\n<td style=\"height: 27px; width: 26.9048%;\">2005<\/td>\n<td style=\"text-align: right; height: 27px; width: 72.381%;\">1\u2019452\u2019432 kWh<\/td>\n<\/tr>\n<tr style=\"height: 27px;\">\n<td style=\"height: 27px; width: 26.9048%;\">2008<\/td>\n<td style=\"text-align: right; height: 27px; width: 72.381%;\">1\u2019691\u2019056 kWh<\/td>\n<\/tr>\n<tr style=\"height: 27px;\">\n<td style=\"height: 27px; width: 26.9048%;\">2009<\/td>\n<td style=\"text-align: right; height: 27px; width: 72.381%;\">1\u2019420\u2019121 kWh<\/td>\n<\/tr>\n<tr style=\"height: 27px;\">\n<td style=\"height: 27px; width: 26.9048%;\">2010<\/td>\n<td style=\"text-align: right; height: 27px; width: 72.381%;\">1\u2019581\u2019692 kWh<\/td>\n<\/tr>\n<tr style=\"height: 27px;\">\n<td style=\"height: 27px; width: 26.9048%;\">2011<\/td>\n<td style=\"text-align: right; height: 27px; width: 72.381%;\">1\u2019555\u2019597 kWh<\/td>\n<\/tr>\n<tr style=\"height: 27px;\">\n<td style=\"height: 27px; width: 26.9048%;\">2012<\/td>\n<td style=\"text-align: right; height: 27px; width: 72.381%;\">1&#8217;824&#8217;000 kWh<\/td>\n<\/tr>\n<tr style=\"height: 27px;\">\n<td style=\"height: 27px; width: 26.9048%;\">2013<\/td>\n<td style=\"text-align: right; height: 27px; width: 72.381%;\">1&#8217;538&#8217;000 kWh<\/td>\n<\/tr>\n<tr style=\"height: 27px;\">\n<td style=\"height: 27px; width: 26.9048%;\">2014<\/td>\n<td style=\"text-align: right; height: 27px; width: 72.381%;\">1&#8217;796&#8217;000 kWh<\/td>\n<\/tr>\n<tr style=\"height: 27px;\">\n<td style=\"height: 27px; width: 26.9048%;\">2015<\/td>\n<td style=\"text-align: right; height: 27px; width: 72.381%;\">1&#8217;520&#8217;000 kWh<\/td>\n<\/tr>\n<tr style=\"height: 27px;\">\n<td style=\"height: 27px; width: 26.9048%;\">2016<\/td>\n<td style=\"text-align: right; height: 27px; width: 72.381%;\">1&#8217;445&#8217;000 kWh<\/td>\n<\/tr>\n<tr style=\"height: 27px;\">\n<td style=\"height: 27px; width: 26.9048%;\">2017<\/td>\n<td style=\"text-align: right; height: 27px; width: 72.381%;\">1&#8217;455&#8217;000 kWh<\/td>\n<\/tr>\n<tr style=\"height: 27px;\">\n<td style=\"height: 27px; width: 26.9048%;\">2018<\/td>\n<td style=\"text-align: right; height: 27px; width: 72.381%;\">1&#8217;240&#8217;000 kWh<\/td>\n<\/tr>\n<tr style=\"height: 27px;\">\n<td style=\"height: 27px; width: 26.9048%;\">2019<\/td>\n<td style=\"text-align: right; height: 27px; width: 72.381%;\">1&#8217;641&#8217;000 kWh<\/td>\n<\/tr>\n<tr style=\"height: 27px;\">\n<td style=\"height: 27px; width: 26.9048%;\">2020<\/td>\n<td style=\"text-align: right; height: 27px; width: 72.381%;\">1&#8217;657&#8217;000 kWh<\/td>\n<\/tr>\n<tr style=\"height: 27px;\">\n<td style=\"width: 26.9048%; height: 27px;\">2021<\/td>\n<td style=\"text-align: right; width: 72.381%; height: 27px;\">1&#8217;383\u2019000 kWh<\/td>\n<\/tr>\n<tr style=\"height: 27px;\">\n<td style=\"width: 26.9048%; height: 27px;\">2022<\/td>\n<td style=\"text-align: right; width: 72.381%; height: 27px;\">1&#8217;222&#8217;000 kWh<\/td>\n<\/tr>\n<tr style=\"height: 27px;\">\n<td style=\"width: 26.9048%; height: 27px;\">2023<\/td>\n<td style=\"text-align: right; width: 72.381%; height: 27px;\">1&#8217;400\u2019000 kWh<\/td>\n<\/tr>\n<tr style=\"height: 27px;\">\n<td style=\"width: 26.9048%; height: 27px;\">2024<\/td>\n<td style=\"text-align: right; width: 72.381%; height: 27px;\">1&#8217;520\u2019000 kWh<\/td>\n<\/tr>\n<\/tbody>\n<\/table>\n<p>&nbsp;<\/p>","protected":false},"excerpt":{"rendered":"<p>Das Elektrizit\u00e4tswerk Lumbrein hat seine Produktion im Jahre 1919 aufgenommen. Die Elektrifizierung des Holztransportes von Silgin nach Lumbrein ist eines der Haupttreiber gewesen um ein eigenes Elektrizit\u00e4tswerk zu bauen. Die Zentrale mit der ganzen Steuerung befand sich in Mulin. Bis &hellip; <a href=\"https:\/\/soel.ch\/de\/historia\/\">Continue reading <span class=\"meta-nav\">&rarr;<\/span><\/a><\/p>\n","protected":false},"author":2,"featured_media":0,"parent":0,"menu_order":5,"comment_status":"closed","ping_status":"closed","template":"","meta":{"ngg_post_thumbnail":0,"_links_to":"","_links_to_target":""},"_links":{"self":[{"href":"https:\/\/soel.ch\/de\/wp-json\/wp\/v2\/pages\/27"}],"collection":[{"href":"https:\/\/soel.ch\/de\/wp-json\/wp\/v2\/pages"}],"about":[{"href":"https:\/\/soel.ch\/de\/wp-json\/wp\/v2\/types\/page"}],"author":[{"embeddable":true,"href":"https:\/\/soel.ch\/de\/wp-json\/wp\/v2\/users\/2"}],"replies":[{"embeddable":true,"href":"https:\/\/soel.ch\/de\/wp-json\/wp\/v2\/comments?post=27"}],"version-history":[{"count":0,"href":"https:\/\/soel.ch\/de\/wp-json\/wp\/v2\/pages\/27\/revisions"}],"wp:attachment":[{"href":"https:\/\/soel.ch\/de\/wp-json\/wp\/v2\/media?parent=27"}],"curies":[{"name":"wp","href":"https:\/\/api.w.org\/{rel}","templated":true}]}}

<p>Das Elektrizitätswerk Lumbrein hat seine Produktion im Jahre 1919 aufgenommen. Die Elektrifizierung des Holztransportes von Silgin nach Lumbrein ist eines der Haupttreiber gewesen um ein eigenes Elektrizitätswerk zu bauen. Die Zentrale mit der ganzen Steuerung befand sich in Mulin. Bis im Jahre 1946 war nur die Gemeinde Lumbrein an das Stromnetz angeschlossen. Erst 1946 wurde die Gemeinde Vrin ans Netz des EW Lumbrein angeschlossen und erstmals mit elektrischer Energie versorgt. Der Vertrag aus diesem Jahre war noch 65 Jahre später gültig, und wurde erst im Jahre 2011 durch einen aktuellen Vertrag abgelöst.</p>
<p>Im Jahre 1979 wurde die neue Zentrale in Schanaus-Sut erstellt. Mit einer neuen Druckleitung und mehr Fallhöhe kann die Eigenproduktion massiv gesteigert werden. Die alte Zentrale in Mulin wurde fortan und noch heute als Trafo- und Mess-Station, Kommando- und Verteilzentrum, sowie als Steuerung für den ganzen Betrieb gebraucht. 1992 wurde eine neue und modernere Turbine mit mehr Leistung in Schanaus-Sut installiert, dies hatte eine weitere Erhöhung der Eigenproduktion zur Folge. Seit dem Jahre 2011 produziert das EW Lumbrein auch Strom über eine eigene Photovoltaikanlage. Diese befindet sich auf der Alp Staviala Vedra auf 2‘000 M.ü.M. und hat eine Grösse von 300m<sup>2</sup>.</p>
<p>Bis im Jahre 1986 hat das Elektrizitätswerk Lumbrein den zusätzlich benötigten Strom über die Leitung des EWBO von der Patwag gekauft. Nachher wurde ein neuer Vertrag mit dem EWBO Ilanz abgeschlossen. Heute produziert das EW Lumbrein rund 40% vom Bedarf, die restlichen 60% müssen auf dem freien Markt eingekauft werden.</p>
<p>Im Februar 2011 wurde das EW Lumbrein von der Gemeinde Lumbrein ausgegliedert. Seit dem Jahre 1919, oder seit 92 Jahren, war das EW im Eigentum der Gemeinde Lumbrein, und somit auch im Eigentum der Einwohner von Lumbrein. Die Strommarktliberalisierung und die Verhandlungen über eine Fusion des romanischen Lugnezes Anfang 2009 sind dann auch der Anstoss gewesen die bestehende Organisation und Rechtsform des EW zu überdenken.</p>
<p>Statistik über die eigene Stromproduktion</p>
<table style="width: 100.238%; height: 675px;" border="0">
<tbody>
<tr style="height: 27px;">
<td style="height: 27px; width: 26.9048%;">1930</td>
<td style="text-align: right; height: 27px; width: 72.381%;">66’750 kWh</td>
</tr>
<tr style="height: 27px;">
<td style="height: 27px; width: 26.9048%;">1940</td>
<td style="text-align: right; height: 27px; width: 72.381%;">74’450 kWh</td>
</tr>
<tr style="height: 27px;">
<td style="height: 27px; width: 26.9048%;">1950</td>
<td style="text-align: right; height: 27px; width: 72.381%;">239’770 kWh</td>
</tr>
<tr style="height: 27px;">
<td style="height: 27px; width: 26.9048%;">1970</td>
<td style="text-align: right; height: 27px; width: 72.381%;">233’300 kWh</td>
</tr>
<tr style="height: 27px;">
<td style="height: 27px; width: 26.9048%;">1980</td>
<td style="text-align: right; height: 27px; width: 72.381%;">1’009’384 kWh</td>
</tr>
<tr style="height: 27px;">
<td style="height: 27px; width: 26.9048%;">1990</td>
<td style="text-align: right; height: 27px; width: 72.381%;">877’480 kWh</td>
</tr>
<tr style="height: 27px;">
<td style="height: 27px; width: 26.9048%;">1995</td>
<td style="text-align: right; height: 27px; width: 72.381%;">1’354’568 kWh</td>
</tr>
<tr style="height: 27px;">
<td style="height: 27px; width: 26.9048%;">2000</td>
<td style="text-align: right; height: 27px; width: 72.381%;">1’569’128 kWh</td>
</tr>
<tr style="height: 27px;">
<td style="height: 27px; width: 26.9048%;">2005</td>
<td style="text-align: right; height: 27px; width: 72.381%;">1’452’432 kWh</td>
</tr>
<tr style="height: 27px;">
<td style="height: 27px; width: 26.9048%;">2008</td>
<td style="text-align: right; height: 27px; width: 72.381%;">1’691’056 kWh</td>
</tr>
<tr style="height: 27px;">
<td style="height: 27px; width: 26.9048%;">2009</td>
<td style="text-align: right; height: 27px; width: 72.381%;">1’420’121 kWh</td>
</tr>
<tr style="height: 27px;">
<td style="height: 27px; width: 26.9048%;">2010</td>
<td style="text-align: right; height: 27px; width: 72.381%;">1’581’692 kWh</td>
</tr>
<tr style="height: 27px;">
<td style="height: 27px; width: 26.9048%;">2011</td>
<td style="text-align: right; height: 27px; width: 72.381%;">1’555’597 kWh</td>
</tr>
<tr style="height: 27px;">
<td style="height: 27px; width: 26.9048%;">2012</td>
<td style="text-align: right; height: 27px; width: 72.381%;">1&#8217;824&#8217;000 kWh</td>
</tr>
<tr style="height: 27px;">
<td style="height: 27px; width: 26.9048%;">2013</td>
<td style="text-align: right; height: 27px; width: 72.381%;">1&#8217;538&#8217;000 kWh</td>
</tr>
<tr style="height: 27px;">
<td style="height: 27px; width: 26.9048%;">2014</td>
<td style="text-align: right; height: 27px; width: 72.381%;">1&#8217;796&#8217;000 kWh</td>
</tr>
<tr style="height: 27px;">
<td style="height: 27px; width: 26.9048%;">2015</td>
<td style="text-align: right; height: 27px; width: 72.381%;">1&#8217;520&#8217;000 kWh</td>
</tr>
<tr style="height: 27px;">
<td style="height: 27px; width: 26.9048%;">2016</td>
<td style="text-align: right; height: 27px; width: 72.381%;">1&#8217;445&#8217;000 kWh</td>
</tr>
<tr style="height: 27px;">
<td style="height: 27px; width: 26.9048%;">2017</td>
<td style="text-align: right; height: 27px; width: 72.381%;">1&#8217;455&#8217;000 kWh</td>
</tr>
<tr style="height: 27px;">
<td style="height: 27px; width: 26.9048%;">2018</td>
<td style="text-align: right; height: 27px; width: 72.381%;">1&#8217;240&#8217;000 kWh</td>
</tr>
<tr style="height: 27px;">
<td style="height: 27px; width: 26.9048%;">2019</td>
<td style="text-align: right; height: 27px; width: 72.381%;">1&#8217;641&#8217;000 kWh</td>
</tr>
<tr style="height: 27px;">
<td style="height: 27px; width: 26.9048%;">2020</td>
<td style="text-align: right; height: 27px; width: 72.381%;">1&#8217;657&#8217;000 kWh</td>
</tr>
<tr style="height: 27px;">
<td style="width: 26.9048%; height: 27px;">2021</td>
<td style="text-align: right; width: 72.381%; height: 27px;">1&#8217;383’000 kWh</td>
</tr>
<tr style="height: 27px;">
<td style="width: 26.9048%; height: 27px;">2022</td>
<td style="text-align: right; width: 72.381%; height: 27px;">1&#8217;222&#8217;000 kWh</td>
</tr>
<tr style="height: 27px;">
<td style="width: 26.9048%; height: 27px;">2023</td>
<td style="text-align: right; width: 72.381%; height: 27px;">1&#8217;400’000 kWh</td>
</tr>
<tr style="height: 27px;">
<td style="width: 26.9048%; height: 27px;">2024</td>
<td style="text-align: right; width: 72.381%; height: 27px;">1&#8217;520’000 kWh</td>
</tr>
</tbody>
</table>
<p>&nbsp;</p>

<p>Das Elektrizitätswerk Lumbrein hat seine Produktion im Jahre 1919 aufgenommen. Die Elektrifizierung des Holztransportes von Silgin nach Lumbrein ist eines der Haupttreiber gewesen um ein eigenes Elektrizitätswerk zu bauen. Die Zentrale mit der ganzen Steuerung befand sich in Mulin. Bis &hellip; <a href="https://soel.ch/de/historia/">Continue reading <span class="meta-nav">&rarr;</span></a></p>
